*2 - 120*u + 621. What is m(5)?
46
Let d(o) = -159*o**2 - 5090*o - 60. Determine d(-32).
4
Let r(h) = 9*h**2 - 145*h - 63. Give r(16).
-79
Let f(o) = 1077*o - 12. Calculate f(0).
-12
Let l(d) = d**2 + 71*d - 384. What is l(5)?
-4
Let y(k) = -k**3 + 61*k**2 - 116*k - 28. What is y(59)?
90
Let r(i) = i**3 + 90*i**2 + 165*i - 1036. Calculate r(-88).
-68
Let v(d) = -d**3 - 25*d**2 + 36*d + 2. Calculate v(-26).
-258
Let a(w) = -w**2 + 75*w - 892. Give a(15).
8
Let p(a) = -a**2 - 18*a - 18. What is p(-14)?
38
Let l(i) = 4*i**2 + 116*i + 222. Calculate l(-27).
6
Let f(g) = -g**2 + 42*g + 152. Calculate f(47).
-83
Let d(l) = l**3 - l**2 + 135*l + 525. Determine d(-4).
-95
Let a(g) = -402*g - 8046. Calculate a(-20).
-6
Let n(g) = 118*g + 219. Give n(-2).
-17
Let y(o) = -9919*o - 19856. Give y(-2).
-18
Let q(s) = 5439*s - 5429. What is q(1)?
10
Let u(h) = 21*h + 867. Determine u(-41).
6
Let j(p) = 86*p + 43. Determine j(-3).
-215
Let r(h) = 13*h - 603. Calculate r(52).
73
Let n(m) = 23*m + 72. Determine n(-5).
-43
Let v(q) = 26*q**2 + 130*q - 5. Give v(-6).
151
Let q(w) = -215*w**2 + 3*w - 11. What is q(1)?
-223
Let t(r) = 34*r**2 + 13*r + 28. Determine t(-2).
138
Let t(w) = w**3 + 10*w**2 + w - 35. Determine t(-6).
103
Let c(i) = -2*i**2 - 13*i + 391. What is c(-17)?
34
Let g(t) = -t**2 - 59*t - 720. Determine g(-33).
138
Let q(h) = -3327*h - 3320. Give q(-1).
7
Let j(o) = -6*o**3 - 52*o**2 + 43*o + 233. Calculate j(-9).
8
Let d(h) = 283*h - 1690. Determine d(6).
8
Let m(u) = 40*u + 425. Give m(-10).
25
Let j(f) = f**3 - 7*f**2 - 16*f + 49. Calculate j(8).
-15
Let y(l) = 1192*l + 8318. Give y(-7).
-26
Let v(q) = q**3 - 13*q**2 + 45*q - 18. Calculate v(5).
7
Let d(g) = -22*g - 203. Give d(-7).
-49
Let d(s) = 2*s**3 + 90*s**2 + 11*s + 155. Give d(-45).
-340
Let h(m) = -7*m**3 + 29*m**2 + 26*m - 4. What is h(-1)?
6
Let s(p) = -p**2 - 11*p + 25. Give s(-11).
25
Let g(r) = -3*r**2 - 5*r + 2. Calculate g(3).
-40
Let r(c) = 3*c**2 - 64*c + 330. Determine r(11).
-11
Let d(a) = 6*a**3 + 11*a**2 + 36*a + 45. Give d(-3).
-126
Let u(x) = 368*x - 4779. Give u(13).
5
Let z(w) = -w**3 + 11*w**2 - 46*w + 335. Calculate z(10).
-25
Let c(x) = x**2 + 33*x - 302. Calculate c(7).
-22
Let g(z) = -3*z**2 + 53*z + 345. Calculate g(-5).
5
Let t(g) = 2*g**3 - 13*g**2 - 2*g - 54. Give t(7).
-19
Let a(c) = 101*c + 38. What is a(2)?
240
Let d(f) = 12*f**3 - 241*f**2 + 23*f - 66. Determine d(20).
-6
Let v(x) = 2*x**3 + 12*x**2 - 11*x - 4. What is v(-9)?
-391
Let l(k) = k**3 + 64*k**2 - 67*k - 142. Give l(-65).
-12
Let y(i) = -44*i**2 + 3*i - 2. Give y(1).
-43
Let t(q) = 8*q**2 - 128*q + 219. Determine t(14).
-5
Let h(v) = -14*v**2 - 80*v + 33. Determine h(-6).
9
Let t(d) = -3*d**2 + 22*d - 71. Calculate t(6).
-47
Let a(b) = -b**2 - 148*b - 1319. What is a(-10)?
61
Let v(g) = -g**2 - 12*g + 3099. Determine v(50).
-1
Let c(u) = -39*u - 1572. Calculate c(-40).
-12
Let b(f) = -323*f + 1986. Determine b(6).
48
Let i(f) = 4*f**2 - 23*f - 3354. Calculate i(32).
6
Let t(v) = -v**3 - 17*v**2 + 24*v + 99. What is t(-18)?
-9
Let j(v) = -2*v**3 + 18*v**2 - 7*v + 84. Calculate j(9).
21
Let g(r) = -135*r + 2170. Calculate g(16).
10
Let j(z) = -z**3 + 29*z**2 + 89*z - 27. Give j(-3).
-6
Let k(x) = x**3 - 16*x**2 - 28*x - 191. Determine k(18).
-47
Let t(s) = 15*s**2 + 12*s - 12. Determine t(-5).
303
Let h(q) = q**3 + 30*q**2 + 112*q + 181. Determine h(-26).
-27
Let l(b) = -2*b**2 - 252*b + 4618. Calculate l(16).
74
Let v(b) = 6*b - 132. What is v(-10)?
-192
Let v(q) = 594*q - 4242. Determine v(7).
-84
Let q(m) = -128*m - 1402. Determine q(-11).
6
Let j(d) = -d**3 - 4*d**2 + 26*d + 30. Give j(-7).
-5
Let p(q) = 206*q - 1029. Determine p(5).
1
Let r(v) = -2*v**3 - 34*v**2 - 28*v + 9. What is r(-16)?
-55
Let a(c) = -294*c + 7346. Calculate a(25).
-4
Let l(d) = 3*d + 10. What is l(19)?
67
Let j(v) = -v**2 - 227*v + 1654. What is j(7)?
16
Let r(a) = a**2 + 271*a - 5. Determine r(0).
-5
Let i(m) = 4*m - 17. Give i(-10).
-57
Let y(z) = 16*z**2 - 202*z + 131. Calculate y(12).
11
Let f(t) = 4054*t + 16160. Determine f(-4).
-56
Let h(i) = -i**2 - 942*i + 3764. What is h(4)?
-20
Let g(w) = -3*w**3 - 48*w**2 - 53*w + 3. Calculate g(-15).
123
Let m(f) = -f**3 - 28*f**2 - 21*f + 45. What is m(-27)?
-117
Let x(c) = 76*c + 1226. Calculate x(-16).
10
Let r(d) = -6*d**3 - 4*d**2 + d + 5. Determine r(-1).
6
Let m(t) = t**3 + 9*t**2 + 11*t + 16. What is m(-3)?
37
Let c(s) = s**3 + 63*s**2 + 120*s - 121. Calculate c(-61).
1
Let y(o) = 514*o + 20566. Determine y(-40).
6
Let z(x) = -8*x**2 - 67*x + 202. What is z(3)?
-71
Let r(v) = 74*v + 533. What is r(-7)?
15
Let m(s) = -101*s + 1221. What is m(12)?
9
Let w(s) = 57*s**2 - 1702*s - 279. Calculate w(30).
-39
Let j(q) = -q**3 + q**2 + 40*q + 14. What is j(-5)?
-36
Let b(i) = 9*i**3 - 80*i**2 - 18*i + 86. Give b(9).
5
Let t(p) = -4147*p - 78780. What is t(-19)?
13
Let u(v) = -v**2 + 137*v - 1495. Determine u(12).
5
Let b(f) = -f**3 + 37*f**2 + 141*f + 132. Calculate b(-2).
6
Let a(p) = -p**3 - 50*p**2 - 179*p + 203. What is a(-46)?
-27
Let v(q) = 3*q**2 - q - 1. Calculate v(0).
-1
Let n(a) = -14*a - 1170. Determine n(-86).
34
Let b(q) = -210*q + 43276. Give b(206).
16
Let o(m) = 2*m**3 - 14*m**2 - 178*m + 1108. What is o(6)?
-32
Let h(m) = m**3 - 19*m**2 + 15*m + 332. What is h(18)?
278
Let u(o) = -2*o**2 - 67*o - 11. What is u(-31)?
144
Let y(z) = z**3 - 20*z**2 + 36*z - 682. Determine y(20).
38
Let f(t) = -6*t**3 - 4*t**2 + 12*t + 4. What is f(3)?
-158
Let o(n) = -n**3 + 33*n**2 + 9*n + 37. Give o(34).
-813
Let r(y) = -44*y**2 + 5*y + 17. Give r(-1).
-32
Let a(t) = -t**2 - 30*t + 2. Determine a(0).
2
Let b(a) = -947*a + 1880. What is b(2)?
-14
Let a(i) = -1101*i - 4412. Calculate a(-4).
-8
Let h(i) = -1231*i - 17208. Determine h(-14).
26
Let o(i) = -i**3 - 35*i**2 + i + 49. Give o(-35).
14
Let j(n) = -21*n**2 + 382*n - 69. What is j(18)?
3
Let z(h) = -22*h - 210. Give z(-19).
208
Let v(i) = 16*i**3 + 222*i**2 + 33*i + 860. Give v(-14).
6
Let i(z) = 3*z - 182. Calculate i(45).
-47
Let a(i) = 687*i - 162830. Give a(237).
-11
Let t(s) = 2*s**3 - 15*s**2 - 8*s + 13. Give t(8).
13
Let t(b) = b**2 + 79*b + 771. What is t(-11)?
23
Let t(p) = -10*p**2 - 23*p + 54. Determine t(-3).
33
Let i(w) = 13*w**3 + 20*w**2 - 5*w - 1. Calculate i(-2).
-15
Let b(a) = a**3 - 56*a**2 + 159*a + 20. Give b(53).
20
Let y(j) = 159*j - 632. Determine y(4).
4
Let f(m) = -3*m**2 + 63*m - 161. Determine f(18).
1
Let p(y) = -82*y + 5819. Calculate p(71).
-3
Let q(t) = 3219*t - 177037. Calculate q(55).
8
Let c(a) = a**3 - 34*a**2 - 193*a - 8. Determine c(39).
70
Let h(o) = -249*o**2 + 7*o - 32. What is h(2)?
-1014
Let p(d) = 7*d**3 + 3*d**2 - 255*d - 257. Calculate p(-1).
-6
Let x(u) = 5*u**3 - u**2 + 9*u - 5. Give x(2).
49
Let l(a) = -a**2 - 147*a - 1622. What is l(-12)?
-2
Let h(i) = -220*i - 355. Give h(-4).
525
Let t(r) = -r**3 + 63*r**2 - 123*r + 105. Determine t(61).
44
Let t(k) = -k**3 + 55*k**2 - 42*k - 644. What is t(54)?
4
Let p(o) = 586*o - 5283. Calculate p(9).
-9
Let h(r) = -59*r**2 + 9*r - 17. Determine h(-4).
-997
Let x(q) = 2*q**3 + 247*q**2 + 122*q - 348. What is x(-123)?
-225
Let l(r) = -r**2 + 190*r + 2247. Calculate l(-11).
36
Let h(s) = -2312*s + 16077. Determine h(7).
-107
Let w(l) = -78*l - 1722. What is w(-22)?
-6
Let w(g) = -3*g**2 + 65*g - 301. Give w(8).
27
Let y(q) = -q**3 + 100*q**2 + 981*q + 5. Give y(-9).
5
Let q(x) = 788*x + 8657. Determine q(-11).
-11
Let i(y) = y**2 - 13*y - 2. Calculate i(14).
12
Let a(h) = h**3 + 12*h**2 - 15*h - 12. Determine a(-11).
274
Let t(d) = -20*d**2 - 1046*d - 1045. Determine t(-1).
-19
Let t(h) = 159*h - 203. Determine t(1).
-44
Let x(y) = -40*y + 91. Give x(7).
-189
Let m(k) = -688*k - 2050. Give m(-3).
14
Let x(g) = -78*g + 226. Give x(4).
-86
Let i(g) = g**3 + g**2 - 27*g + 22. Determine i(0).
22
Let a(d) = 8*d**2 - 247*d + 419. What is a(29)?
-16
Let s(t) = 440*t + 2107. Calculate s(-5).
-93
Let p(x) = -x**3 + 11*x**2 + 7*x - 81. Determine p(11).
-4
Let v(y) = -2*y**2 - 47*y - 94. What is v(-21)?
11
Let l(o) = -6*o**2 + 389*o + 167. Give l(66).
-295
Let r(u) = -u**3 + 9*u**2 + 19*u + 7. What is r(9)?
178
Let a(o) = o**2 + 65*o - 291. Determine a(5).
59
Let z(b) = -5*b**3 + 8*b**2 - 2*b - 43. Calculate z(6).
-847
Let h(n) = -2*n**2 